4*v - 3. Let l(j) = -2*s(j) - 7*z(j). Give l(t).
7
Let g(m) be the third derivative of -m**4/12 - m**3/2 + 10*m**2. Give g(-7).
11
Let y(q) = 2*q + 8 - 8 - 2 + 0. Let j(w) = w**2 - 4*w - 3. Let h be j(5). Determine y(h).
2
Let y(s) be the first derivative of -s**3/3 + 3*s**2 - 6*s - 26. Determine y(5).
-1
Let y(s) = -2*s + 1. Suppose 2*f - 2 = 4*f. Let g be y(f). Let v(d) = d**3 - 3*d**2 - 2*d - 3. Determine v(g).
-9
Let u(q) be the first derivative of -q**3/3 - 5*q**2/2 + 2*q - 12. What is u(-7)?
-12
Let c(y) = -4*y + 3*y - 3 - 5*y - 1 - y**2. What is c(-4)?
4
Suppose 2 + 4 = -2*f + z, -4*z = -3*f - 9. Suppose 0 = 5*j - a - 11, -3*a = 2*j - 27 + 9. Let t(v) = -1 + 5*v - j*v + 0 - 4*v. Determine t(f).
5
Let z = -72 + 74. Let t(h) = -3*h - 2. Give t(z).
-8
Let v(f) be the first derivative of f**3/3 + 5*f**2/2 + 2*f + 4. Let b be v(-5). Let a(i) = i**2 - 2*i + 2. Calculate a(b).
2
Let f(l) = 6*l**2 + 20*l - 4. Let s(q) = q**2 + 4*q - 1. Let t(p) = -2*f(p) + 11*s(p). Calculate t(3).
0
Let h(b) = -b**2 + 4 - 22*b - 21*b + 39*b. Let d = 7 + -11. Calculate h(d).
4
Let h(m) be the third derivative of -m**9/60480 - m**8/4032 - m**7/5040 + m**6/360 - m**5/20 + 2*m**2. Let s(f) be the third derivative of h(f). What is s(-5)?
7
Let o(y) = -y**2 + 3*y + 2. Let c be o(4). Let l(b) = b**3 - 6*b**2 - b + 6. Let a be l(6). Let x(v) = -v - v**2 - 5 + a*v**2 + 4. What is x(c)?
-3
Let r(c) = c**3 + c**2 - 3 - 3 + 2 - c + 0. Determine r(0).
-4
Suppose -3*o - 2*o + 60 = 0. Suppose -8 = -5*j + o. Let l(d) be the first derivative of -d**4/4 + 4*d**3/3 + d**2/2 - 5*d - 1. Determine l(j).
-1
Let i(c) = -7 + 5 - 1 + c. Let z be i(5). Let k be ((z - -1) + -2)*1. Let w(r) = -5*r. Give w(k).
-5
Let w(q) = 2*q. Let i = 12 - 5. Let m(k) = 0 + k + 2 + 3 - i. Let v be m(3). Determine w(v).
2
Let f be (-16)/(-6)*63/(-84). Let m(n) = -5*n**3 - 7*n**2 - 2*n - 2. Let g(w) = 6*w**3 + 8*w**2 + 2*w + 2. Let b(q) = 6*g(q) + 7*m(q). Calculate b(f).
-10
Let w(o) = -o**3 - 3*o**2 + 3*o + 5*o - 4*o - 5. What is w(-4)?
-5
Let m(f) be the third derivative of f**6/120 - f**5/15 - f**4/12 + 5*f**3/6 - 7*f**2. Suppose -3*v - 3*p = -2*p - 17, p - 5 = 0. Give m(v).
-3
Let g(n) = n**3 - 3*n**2 + 2. Let p(h) = -h**2 + 7*h - 10. Let l be p(3). Give g(l).
-2
Let w(n) = n**2 - n - 1. Let v(i) = -3*i**2 + 9*i + 2. Let a(s) = -v(s) - 4*w(s). Suppose -13 + 5 = 2*j. Give a(j).
6
Let d be 0 + 1 - (-6 + 4). Let a(k) = k**2 + 4*k - 5. Let i(q) = -2*q**2 - 9*q + 11. Let o(b) = -9*a(b) - 4*i(b). Determine o(d).
-8
Let h(t) be the first derivative of t**4/4 - 2*t**3 - 3*t**2 + 5*t - 39. Give h(7).
12
Suppose 10 = 5*t - 0*t. Let n(q) = q**t + 0*q**2 + 7*q - q**3 + 0*q**3 + q**2 - 6. Give n(4).
-10
Let s be (-9 - -10)*(1 - 2). Let q(t) = 5*t**3 - 1. Give q(s).
-6
Suppose -4 = -3*o + 5*o. Let q be (4/(-6))/(o/3). Let k(u) = -5*u + q + 5*u + u**2 - 4*u. What is k(3)?
-2
Let v(x) = 7 - 1 + 5*x**2 - 6*x**2. Determine v(0).
6
Let h(r) be the second derivative of r**6/720 - r**5/30 + r**4/12 + r. Let c(z) be the third derivative of h(z). What is c(5)?
1
Let j(l) = -2*l**2 + l + 2 - 10*l + 6*l. Give j(-3).
-7
Let a(y) = y + 5. Let z = 82 + -86. Determine a(z).
1
Let a(o) = -o**3 - 4*o**2 + 8*o + 7. Let b be 60/3 + -1 + 1. Let r be (b/8)/((-2)/4). Determine a(r).
-8
Let x(g) = -3*g**2 + g**2 + 2 - 3*g + g**2. Let d be x(-3). Let s(v) be the third derivative of v**5/20 - v**4/6 + v**3/3 + v**2. What is s(d)?
6
Suppose 7 = g - 4*t, 10 = -2*g - 4*t - 0*t. Let n = 2 + g. Let u(l) = 8*l**2 + l - 1. Give u(n).
8
Let u be -5*((-2)/5 + 0). Let i(l) = l + l**u + l + 0*l**2. Let b = -25 - -23. What is i(b)?
0
Let y(b) be the second derivative of b**5/10 - b**4/4 + b**3/3 - b**2/2 + 3*b. Let c be 7/3 - 1/3. Let t(f) = f**2 - 2. Let q be t(c). What is y(q)?
7
Let h(c) = c**2 - c - 1. Suppose 0 = 10*j - 6*j - 12. Give h(j).
5
Suppose -5*t = -0*t - 5*i - 30, 2*t - 4*i = 10. Let h(c) = c + 1. What is h(t)?
8
Let o(g) be the second derivative of g**4/12 + 7*g**3/6 + 3*g**2 - 4*g. Let a be o(-5). Let d(x) = -x**2 - 6*x - 1. Determine d(a).
7
Let h(o) = -o**2 - 3*o + 4. Suppose -6 = 7*z - 4*z. Let p(d) = -2*d + 1. Let k be p(z). Let m(t) = -2*t + 6. Let c be m(k). Calculate h(c).
0
Let c(z) be the third derivative of z**6/120 - 2*z**5/15 - 5*z**4/12 + 11*z**3/6 + 8*z**2. Give c(9).
2
Suppose -2*q + q + 2 = 5*i, 4*q = i + 50. Suppose -4*h - 5*b = -2, h + 0*b = 5*b - q. Let d(p) = -4 + 2 - 3*p - 2*p. Calculate d(h).
8
Let m = -38 + 42. Let t(j) be the third derivative of 3*j**2 + 0 + 1/6*j**3 - 1/15*j**5 + 1/24*j**m + 0*j. Calculate t(-1).
-4
Let k = 9 + 5. Let z(b) = 2 + 16*b - k*b + b**3 + 0*b**2 - 2*b**2 - 3. Give z(2).
3
Let s(u) be the second derivative of u**5/60 - u**4/12 - 2*u**2 - 4*u. Let m(w) be the first derivative of s(w). Determine m(2).
0
Let a(b) = -2*b - 15 + 13 + 0*b. Calculate a(-3).
4
Let w(k) = k - 9. Let m(s) = -2*s + 19. Let r(g) = 6*m(g) + 13*w(g). Calculate r(6).
3
Let n = 4 - 1. Let f be -2 - (1 - n) - 1. Let c(d) = -9*d**2 + 3*d - 9. Let x(p) = -4*p**2 + p - 4. Let i(z) = 3*c(z) - 7*x(z). Calculate i(f).
0
Let g(l) be the third derivative of l**5/60 - 5*l**4/24 + l**3/3 - 2*l**2. Calculate g(4).
-2
Suppose -5*h = -4*h - 3. Let g be (2/h)/((-3)/(-9)). Let m(s) = -2*s + 3. Calculate m(g).
-1
Let m be 1 + 1 - (-18)/6. Suppose -3*l - 2*v + 4 = -1, 0 = -m*l - 4*v + 5. Suppose 5*z - 4*u + l = -8, 3 = -z + u. Let c(g) = g - 1. Determine c(z).
-2
Let h = 2 - 4. Let c(w) be the first derivative of w**2/2 - 2*w + 1. Give c(h).
-4
Let l = 28 - 30. Let v(i) = -i**2 - 3*i - 2. What is v(l)?
0
Let s(k) = 6*k + 1. Let b(n) = -n - 9. Let i be b(-10). Suppose 0 = -x + 2*x + i. Calculate s(x).
-5
Suppose 0 = -3*z - 5*v - 13, 4*z + 14 = 2*v - 7*v. Let r(c) = -7*c**2 + c. Determine r(z).
-8
Suppose t = -0 + 3. Let z(a) = -a**2 + 7*a + 0*a**2 + a**t - 6*a. What is z(0)?
0
Let j be (-1)/((-3)/9 - 0). Let k(l) = j*l**2 - l + 1 + 2*l - 5*l**2. Determine k(-2).
-9
Let h = 21 + -18. Let g(m) = -m**3 + 2*m**2 - m + 3. What is g(h)?
-9
Let j = -26 + 7. Let p = j - -27. Let q(f) = -f**3 + 7*f**2 + 9*f - 11. Give q(p).
-3
Let l(c) = 3*c - 9. Let d(u) = u + 9. Let h be d(-5). What is l(h)?
3
Suppose 7*t - 56 = -0*t. Let o(x) = 3*x**3 - x**2 + 1. Let c be o(1). Let j(l) = t*l + 5 + c*l**2 - 4*l**2 - 3*l. Determine j(5).
5
Let z(j) be the second derivative of j**4/3 + j**3/6 - j**2/2 - 17*j. What is z(1)?
4
Let x(o) = 2*o**3 + o. Let m be (-2)/(-6) - (-28)/6. Suppose 4*i - 24 = m*d - 4, -12 = -4*i + 3*d. Suppose u - 1 = -i*u. Give x(u).
3
Let b(c) = c**3 - 6*c**2 + 2*c - 5. Suppose -9*d + 32 = -22. Determine b(d).
7
Let y = 1 + -3. Let k(z) = 6 - 6 + z**2 + 22*z + 1 - 19*z. Determine k(y).
-1
Suppose -2*p = 4 - 2. Let h be (-1)/p*(2 + -7). Let a(v) be the third derivative of -v**6/120 - v**5/10 - v**4/4 - v**3/2 + 17*v**2. Determine a(h).
2
Let y(i) = -5*i**2 + 31*i - 17. Let j(g) = 2*g**2 - 15*g + 8. Let t(o) = 7*j(o) + 3*y(o). Determine t(-12).
5
Let z = -1 - -4. Let b(a) = 0*a - 3*a + 5*a + z + 3. Let o(d) = -d**2 + 3*d - 4. Let y be o(3). Give b(y).
-2
Suppose -16 = -2*y + 5*s, 0 = -y + 4*y - 4*s - 10. Let a be (-3 - y)/((-1)/(-3)). Let t be (2*-1)/(a/3). Let x(k) = -2*k**2 - 2. Give x(t).
-10
Let a(m) = -m**3 - 8*m**2 - 6*m + 3. Let d be a(-7). Let x be (d/2 - -9)/1. Let v(o) = -o**2 + 8*o - 5. Determine v(x).
2
Let o(a) be the second derivative of -a**5/20 + 7*a**4/12 + 5*a**2/2 + a + 13. Determine o(7).
5
Let q(d) be the first derivative of d**4/4 - 2*d**3/3 + 2*d**2 - 3*d - 3. Calculate q(2).
5
Let k(a) be the second derivative of -a**5/5 + 2*a**4/3 - a**3/2 - a**2 + 4*a. Let c(s) = -9*s**3 + 17*s**2 - 7*s - 3. Let j(h) = 3*c(h) - 7*k(h). Give j(5).
5
Let p(f) = f + 9. Let x(n) = -11*n**3 + n**2 - 5*n + 5. Let i be x(1). Calculate p(i).
-1
Suppose 3*b + 2 = 5*b - v, 27 = 5*b + 3*v. Suppose -j + 6 = 2. Let w(k) = -2*k**2 + 6*k**2 - j*k - 3*k**2. What is w(b)?
-3
Let b(u) = -u - 1. Let z be 3/(-4) + 2/(-8). Let t(w) = 7*w + 13. Let f(c) = z*t(c) - 6*b(c). What is f(-5)?
-2
Let p(q) be the first derivative of q**4/4 + q**3 - 2*q**2 + q + 19. What is p(-4)?
1
Let b(p) be the third derivative of -p**2 + 1/24*p**4 - 1/6*p**3 + 0*p + 0. Calculate b(5).
4
Let u(b) = b. Let d(l) = -l**2 + 7*l - 4. Let j(h) = d(h) - 2*u(h). What is j(5)?
-4
